
List the prime factors of 5249.
29, 181
List the prime factors of 1668.
2, 3, 139
What are the prime factors of 2659?
2659
List the prime factors of 1466.
2, 733
List the prime factors of 1489.
1489
List the prime factors of 18582.
2, 3, 19, 163
What are the prime factors of 56018?
2, 37, 757
What are the prime factors of 234?
2, 3, 13
What are the prime factors of 32311?
79, 409
List the prime factors of 5553.
3, 617
List the prime factors of 23557.
23557
What are the prime factors of 4654?
2, 13, 179
What are the prime factors of 56814?
2, 3, 17, 557
What are the prime factors of 2027?
2027
What are the prime factors of 38492?
2, 9623
What are the prime factors of 3484?
2, 13, 67
What are the prime factors of 53088?
2, 3, 7, 79
List the prime factors of 7707.
3, 7, 367
List the prime factors of 10770.
2, 3, 5, 359
List the prime factors of 141437.
67, 2111
What are the prime factors of 29463?
3, 7, 23, 61
List the prime factors of 1012.
2, 11, 23
List the prime factors of 953.
953
List the prime factors of 32631.
3, 73, 149
List the prime factors of 180.
2, 3, 5
List the prime factors of 63634.
2, 31817
List the prime factors of 13607.
11, 1237
List the prime factors of 1280.
2, 5
What are the prime factors of 1563?
3, 521
What are the prime factors of 193?
193
List the prime factors of 1646.
2, 823
List the prime factors of 4617.
3, 19
List the prime factors of 13912.
2, 37, 47
List the prime factors of 44618.
2, 7, 3187
List the prime factors of 45818.
2, 31, 739
What are the prime factors of 97438?
2, 11, 43, 103
What are the prime factors of 226?
2, 113
What are the prime factors of 22851?
3, 2539
What are the prime factors of 630?
2, 3, 5, 7
List the prime factors of 823.
823
List the prime factors of 4737.
3, 1579
What are the prime factors of 42513?
3, 37, 383
List the prime factors of 2566.
2, 1283
List the prime factors of 17410.
2, 5, 1741
What are the prime factors of 6102?
2, 3, 113
List the prime factors of 1177.
11, 107
List the prime factors of 5351.
5351
What are the prime factors of 562?
2, 281
What are the prime factors of 5024?
2, 157
What are the prime factors of 10700?
2, 5, 107
List the prime factors of 3454.
2, 11, 157
List the prime factors of 45654.
2, 3, 7, 1087
List the prime factors of 102393.
3, 31, 367
What are the prime factors of 84751?
84751
List the prime factors of 22649.
11, 29, 71
What are the prime factors of 24445?
5, 4889
List the prime factors of 2880.
2, 3, 5
What are the prime factors of 28329?
3, 7, 19, 71
What are the prime factors of 3180?
2, 3, 5, 53
What are the prime factors of 529?
23
What are the prime factors of 1355?
5, 271
List the prime factors of 6236.
2, 1559
List the prime factors of 2310.
2, 3, 5, 7, 11
What are the prime factors of 7066?
2, 3533
List the prime factors of 64974.
2, 3, 7, 13, 17
List the prime factors of 14136.
2, 3, 19, 31
What are the prime factors of 55231?
11, 5021
List the prime factors of 568.
2, 71
List the prime factors of 1567.
1567
What are the prime factors of 33929?
7, 37, 131
What are the prime factors of 24150?
2, 3, 5, 7, 23
List the prime factors of 13784.
2, 1723
What are the prime factors of 11542?
2, 29, 199
What are the prime factors of 7129?
7129
What are the prime factors of 43115?
5, 8623
List the prime factors of 42087.
3, 14029
What are the prime factors of 2310?
2, 3, 5, 7, 11
What are the prime factors of 35678?
2, 17839
List the prime factors of 14160.
2, 3, 5, 59
List the prime factors of 2960.
2, 5, 37
List the prime factors of 921.
3, 307
List the prime factors of 21851.
21851
List the prime factors of 844.
2, 211
What are the prime factors of 1631?
7, 233
List the prime factors of 77005.
5, 15401
List the prime factors of 66895.
5, 17, 787
List the prime factors of 10374.
2, 3, 7, 13, 19
List the prime factors of 1538.
2, 769
List the prime factors of 6376.
2, 797
What are the prime factors of 6528?
2, 3, 17
What are the prime factors of 2527?
7, 19
List the prime factors of 1157.
13, 89
What are the prime factors of 5983?
31, 193
List the prime factors of 3003.
3, 7, 11, 13
What are the prime factors of 10520?
2, 5, 263
List the prime factors of 89952.
2, 3, 937
List the prime factors of 3944.
2, 17, 29
List the prime factors of 3636.
2, 3, 101
List the prime factors of 1458.
2, 3
What are the prime factors of 141384?
2, 3, 43, 137
What are the prime factors of 4110?
2, 3, 5, 137
What are the prime factors of 2095?
5, 419
List the prime factors of 95516.
2, 23879
List the prime factors of 10974.
2, 3, 31, 59
List the prime factors of 7467.
3, 19, 131
List the prime factors of 691.
691
List the prime factors of 48672.
2, 3, 13
List the prime factors of 4688.
2, 293
List the prime factors of 41608.
2, 7, 743
List the prime factors of 2835.
3, 5, 7
What are the prime factors of 5854?
2, 2927
List the prime factors of 476.
2, 7, 17
What are the prime factors of 136454?
2, 68227
List the prime factors of 326.
2, 163
List the prime factors of 4768.
2, 149
What are the prime factors of 944?
2, 59
What are the prime factors of 11940?
2, 3, 5, 199
What are the prime factors of 1148?
2, 7, 41
What are the prime factors of 2433?
3, 811
List the prime factors of 850.
2, 5, 17
What are the prime factors of 7807?
37, 211
List the prime factors of 1697.
1697
What are the prime factors of 1359?
3, 151
What are the prime factors of 1568?
2, 7
What are the prime factors of 21378?
2, 3, 7, 509
List the prime factors of 118982.
2, 41, 1451
What are the prime factors of 653?
653
List the prime factors of 7501.
13, 577
What are the prime factors of 8040?
2, 3, 5, 67
List the prime factors of 1072.
2, 67
List the prime factors of 3925.
5, 157
List the prime factors of 2780.
2, 5, 139
What are the prime factors of 98013?
3, 37, 883
List the prime factors of 2729.
2729
List the prime factors of 5484.
2, 3, 457
What are the prime factors of 5954?
2, 13, 229
List the prime factors of 5831.
7, 17
List the prime factors of 1254.
2, 3, 11, 19
List the prime factors of 2450.
2, 5, 7
What are the prime factors of 2209?
47
What are the prime factors of 1630?
2, 5, 163
List the prime factors of 602.
2, 7, 43
List the prime factors of 1772.
2, 443
List the prime factors of 484.
2, 11
What are the prime factors of 101?
101
List the prime factors of 1199.
11, 109
List the prime factors of 22094.
2, 11047
List the prime factors of 4133.
4133
List the prime factors of 626.
2, 313
What are the prime factors of 4519?
4519
List the prime factors of 52340.
2, 5, 2617
List the prime factors of 27615.
3, 5, 7, 263
What are the prime factors of 5218?
2, 2609
What are the prime factors of 872?
2, 109
What are the prime factors of 2614?
2, 1307
What are the prime factors of 17588?
2, 4397
What are the prime factors of 485?
5, 97
List the prime factors of 36332.
2, 31, 293
List the prime factors of 3284.
2, 821
What are the prime factors of 24038?
2, 7, 17, 101
What are the prime factors of 669?
3, 223
What are the prime factors of 443?
443
List the prime factors of 19267.
19267
What are the prime factors of 5949?
3, 661
What are the prime factors of 29911?
7, 4273
What are the prime factors of 1013?
1013
What are the prime factors of 19311?
3, 41, 157
What are the prime factors of 1306?
2, 653
List the prime factors of 89973.
3, 13, 769
What are the prime factors of 13446?
2, 3, 83
List the prime factors of 7564.
2, 31, 61
What are the prime factors of 807?
3, 269
List the prime factors of 2224.
2, 139
What are the prime factors of 48161?
17, 2833
List the prime factors of 4008.
2, 3, 167
List the prime factors of 1928.
2, 241
What are the prime factors of 170711?
170711
List the prime factors of 743.
743
List the prime factors of 630.
2, 3, 5, 7
What are the prime factors of 9034?
2, 4517
List the prime factors of 1123.
1123
List the prime factors of 32088.
2, 3, 7, 191
List the prime factors of 3452.
2, 863
List the prime factors of 9887.
9887
What are the prime factors of 81711?
3, 7, 1297
What are the prime factors of 458?
2, 229
What are the prime factors of 4474?
2, 2237
What are the prime factors of 30912?
2, 3, 7, 23
List the prime factors of 2070.
2, 3, 5, 23
What are the prime factors of 6021?
3, 223
What are the prime factors of 137?
137
What are the prime factors o